{"version":"1.0","provider_name":"","provider_url":"https:\/\/caleine.com\/tr","author_name":"Ana","author_url":"https:\/\/caleine.com\/tr\/author\/ana\/","title":"Novas Diretrizes do Vale-Alimenta\u00e7\u00e3o e Vale-Refei\u00e7\u00e3o -","type":"rich","width":600,"height":338,"html":"<blockquote class=\"wp-embedded-content\" data-secret=\"4sg2mNCuq7\"><a href=\"https:\/\/caleine.com\/tr\/novas-diretrizes-do-vale-alimentacao-e-vale-refeicao\/\">Novas Diretrizes do Vale-Alimenta\u00e7\u00e3o e Vale-Refei\u00e7\u00e3o<\/a><\/blockquote><iframe sandbox=\"allow-scripts\" security=\"restricted\" src=\"https:\/\/caleine.com\/tr\/novas-diretrizes-do-vale-alimentacao-e-vale-refeicao\/embed\/#?secret=4sg2mNCuq7\" width=\"600\" height=\"338\" title=\"&#8220;Novas Diretrizes do Vale-Alimenta\u00e7\u00e3o e Vale-Refei\u00e7\u00e3o&#8221; &#8212; \" data-secret=\"4sg2mNCuq7\" frameborder=\"0\" marginwidth=\"0\" marginheight=\"0\" scrolling=\"no\" class=\"wp-embedded-content\"><\/iframe><script type=\"text\/javascript\">\n\/* <![CDATA[ *\/\n\/*! This file is auto-generated *\/\n!function(d,l){\"use strict\";l.querySelector&&d.addEventListener&&\"undefined\"!=typeof URL&&(d.wp=d.wp||{},d.wp.receiveEmbedMessage||(d.wp.receiveEmbedMessage=function(e){var t=e.data;if((t||t.secret||t.message||t.value)&&!\/[^a-zA-Z0-9]\/.test(t.secret)){for(var s,r,n,a=l.querySelectorAll('iframe[data-secret=\"'+t.secret+'\"]'),o=l.querySelectorAll('blockquote[data-secret=\"'+t.secret+'\"]'),c=new RegExp(\"^https?:$\",\"i\"),i=0;i<o.length;i++)o[i].style.display=\"none\";for(i=0;i<a.length;i++)s=a[i],e.source===s.contentWindow&&(s.removeAttribute(\"style\"),\"height\"===t.message?(1e3<(r=parseInt(t.value,10))?r=1e3:~~r<200&&(r=200),s.height=r):\"link\"===t.message&&(r=new URL(s.getAttribute(\"src\")),n=new URL(t.value),c.test(n.protocol))&&n.host===r.host&&l.activeElement===s&&(d.top.location.href=t.value))}},d.addEventListener(\"message\",d.wp.receiveEmbedMessage,!1),l.addEventListener(\"DOMContentLoaded\",function(){for(var e,t,s=l.querySelectorAll(\"iframe.wp-embedded-content\"),r=0;r<s.length;r++)(t=(e=s[r]).getAttribute(\"data-secret\"))||(t=Math.random().toString(36).substring(2,12),e.src+=\"#?secret=\"+t,e.setAttribute(\"data-secret\",t)),e.contentWindow.postMessage({message:\"ready\",secret:t},\"*\")},!1)))}(window,document);\n\/\/# sourceURL=https:\/\/caleine.com\/wp-includes\/js\/wp-embed.min.js\n\/* ]]> *\/\n<\/script>","thumbnail_url":"https:\/\/caleine.com\/wp-content\/uploads\/2026\/02\/1770926551891-768x468.png","thumbnail_width":600,"thumbnail_height":366,"description":"Vale-Alimenta\u00e7\u00e3o Vale-Refei\u00e7\u00e3o s\u00e3o temas centrais nas novas diretrizes que entrar\u00e3o em vigor em fevereiro de 2026. Neste artigo, vamos explorar como essas mudan\u00e7as prometem n\u00e3o apenas gerar uma economia anual significativa de R$ 7,9 bilh\u00f5es, mas tamb\u00e9m redefinir os par\u00e2metros de opera\u00e7\u00e3o no setor de alimenta\u00e7\u00e3o. A reforma busca aumentar [&hellip;]"}

Novas Diretrizes do Vale-Alimentação e Vale-Refeição -

<blockquote class="wp-embedded-content" data-secret="4sg2mNCuq7"><a href="https://caleine.com/tr/novas-diretrizes-do-vale-alimentacao-e-vale-refeicao/">Novas Diretrizes do Vale-Alimentação e Vale-Refeição</a></blockquote><iframe sandbox="allow-scripts" security="restricted" src="https://caleine.com/tr/novas-diretrizes-do-vale-alimentacao-e-vale-refeicao/embed/#?secret=4sg2mNCuq7" width="600" height="338" title="&#8220;Novas Diretrizes do Vale-Alimentação e Vale-Refeição&#8221; &#8212; " data-secret="4sg2mNCuq7" frameborder="0" marginwidth="0" marginheight="0" scrolling="no" class="wp-embedded-content"></iframe><script type="text/javascript">
/* <![CDATA[ */
/*! This file is auto-generated */
!function(d,l){"use strict";l.querySelector&&d.addEventListener&&"undefined"!=typeof URL&&(d.wp=d.wp||{},d.wp.receiveEmbedMessage||(d.wp.receiveEmbedMessage=function(e){var t=e.data;if((t||t.secret||t.message||t.value)&&!/[^a-zA-Z0-9]/.test(t.secret)){for(var s,r,n,a=l.querySelectorAll('iframe[data-secret="'+t.secret+'"]'),o=l.querySelectorAll('blockquote[data-secret="'+t.secret+'"]'),c=new RegExp("^https?:$","i"),i=0;i<o.length;i++)o[i].style.display="none";for(i=0;i<a.length;i++)s=a[i],e.source===s.contentWindow&&(s.removeAttribute("style"),"height"===t.message?(1e3<(r=parseInt(t.value,10))?r=1e3:~~r<200&&(r=200),s.height=r):"link"===t.message&&(r=new URL(s.getAttribute("src")),n=new URL(t.value),c.test(n.protocol))&&n.host===r.host&&l.activeElement===s&&(d.top.location.href=t.value))}},d.addEventListener("message",d.wp.receiveEmbedMessage,!1),l.addEventListener("DOMContentLoaded",function(){for(var e,t,s=l.querySelectorAll("iframe.wp-embedded-content"),r=0;r<s.length;r++)(t=(e=s[r]).getAttribute("data-secret"))||(t=Math.random().toString(36).substring(2,12),e.src+="#?secret="+t,e.setAttribute("data-secret",t)),e.contentWindow.postMessage({message:"ready",secret:t},"*")},!1)))}(window,document);
//# sourceURL=https://caleine.com/wp-includes/js/wp-embed.min.js
/* ]]> */
</script>

Vale-Alimentação Vale-Refeição são temas centrais nas novas diretrizes que entrarão em vigor em fevereiro de 2026. Neste artigo, vamos explorar como essas mudanças prometem não apenas gerar uma economia anual significativa de R$ 7,9 bilhões, mas também redefinir os parâmetros de operação no setor de alimentação. A reforma busca aumentar [&hellip;]
